{"id":10,"date":"2020-11-19T14:33:57","date_gmt":"2020-11-19T17:33:57","guid":{"rendered":"https:\/\/programapaes.com.br\/blog\/?page_id=10"},"modified":"2020-11-19T16:00:58","modified_gmt":"2020-11-19T19:00:58","slug":"blog","status":"publish","type":"page","link":"https:\/\/programapaes.com.br\/blog\/","title":{"rendered":"Blog"},"content":{"rendered":"\t\t<div data-elementor-type=\"wp-page\" data-elementor-id=\"10\" class=\"elementor elementor-10\" data-elementor-settings=\"[]\">\n\t\t\t\t\t\t<div class=\"elementor-inner\">\n\t\t\t\t\t\t\t<div class=\"elementor-section-wrap\">\n\t\t\t\t\t\t\t<section class=\"elementor-section elementor-top-section elementor-element elementor-element-8f14a4e elementor-section-boxed elementor-section-height-default elementor-section-height-default\" data-id=\"8f14a4e\" data-element_type=\"section\">\n\t\t\t\t\t\t<div class=\"elementor-container elementor-column-gap-default\">\n\t\t\t\t\t\t\t<div class=\"elementor-row\">\n\t\t\t\t\t<div class=\"elementor-column elementor-col-50 elementor-top-column elementor-element elementor-element-beefe84\" data-id=\"beefe84\" data-element_type=\"column\">\n\t\t\t<div class=\"elementor-column-wrap elementor-element-populated\">\n\t\t\t\t\t\t\t<div class=\"elementor-widget-wrap\">\n\t\t\t\t\t\t<div class=\"elementor-element elementor-element-38e18d2 elementor-widget elementor-widget-image\" data-id=\"38e18d2\" data-element_type=\"widget\" data-widget_type=\"image.default\">\n\t\t\t\t<div class=\"elementor-widget-container\">\n\t\t\t\t\t<div class=\"elementor-image\">\n\t\t\t\t\t\t\t\t\t\t\t<a href=\"https:\/\/programapaes.com.br\">\n\t\t\t\t\t\t\t<img width=\"157\" height=\"93\" src=\"https:\/\/programapaes.com.br\/blog\/wp-content\/uploads\/2020\/11\/logo.jpg\" class=\"attachment-full size-full\" alt=\"\" loading=\"lazy\" \/>\t\t\t\t\t\t\t\t<\/a>\n\t\t\t\t\t\t\t\t\t\t\t<\/div>\n\t\t\t\t<\/div>\n\t\t\t\t<\/div>\n\t\t\t\t\t\t<\/div>\n\t\t\t\t\t<\/div>\n\t\t<\/div>\n\t\t\t\t<div class=\"elementor-column elementor-col-50 elementor-top-column elementor-element elementor-element-146ea8e\" data-id=\"146ea8e\" data-element_type=\"column\">\n\t\t\t<div class=\"elementor-column-wrap elementor-element-populated\">\n\t\t\t\t\t\t\t<div class=\"elementor-widget-wrap\">\n\t\t\t\t\t\t<div class=\"elementor-element elementor-element-efc9e54 elementor-align-right elementor-mobile-align-center elementor-widget elementor-widget-button\" data-id=\"efc9e54\" data-element_type=\"widget\" data-widget_type=\"button.default\">\n\t\t\t\t<div class=\"elementor-widget-container\">\n\t\t\t\t\t<div class=\"elementor-button-wrapper\">\n\t\t\t<a href=\"https:\/\/programapaes.com.br\" class=\"elementor-button-link elementor-button elementor-size-sm\" role=\"button\">\n\t\t\t\t\t\t<span class=\"elementor-button-content-wrapper\">\n\t\t\t\t\t\t<span class=\"elementor-button-text\">voltar ao in\u00edcio<\/span>\n\t\t<\/span>\n\t\t\t\t\t<\/a>\n\t\t<\/div>\n\t\t\t\t<\/div>\n\t\t\t\t<\/div>\n\t\t\t\t\t\t<\/div>\n\t\t\t\t\t<\/div>\n\t\t<\/div>\n\t\t\t\t\t\t\t\t<\/div>\n\t\t\t\t\t<\/div>\n\t\t<\/section>\n\t\t\t\t<section class=\"elementor-section elementor-top-section elementor-element elementor-element-7b9be32 elementor-section-height-min-height elementor-section-boxed elementor-section-height-default elementor-section-items-middle\" data-id=\"7b9be32\" data-element_type=\"section\" data-settings=\"{&quot;background_background&quot;:&quot;classic&quot;}\">\n\t\t\t\t\t\t<div class=\"elementor-container elementor-column-gap-default\">\n\t\t\t\t\t\t\t<div class=\"elementor-row\">\n\t\t\t\t\t<div class=\"elementor-column elementor-col-100 elementor-top-column elementor-element elementor-element-11e37ac\" data-id=\"11e37ac\" data-element_type=\"column\">\n\t\t\t<div class=\"elementor-column-wrap elementor-element-populated\">\n\t\t\t\t\t\t\t<div class=\"elementor-widget-wrap\">\n\t\t\t\t\t\t<div class=\"elementor-element elementor-element-0da5341 elementor-widget elementor-widget-heading\" data-id=\"0da5341\" data-element_type=\"widget\" data-widget_type=\"heading.default\">\n\t\t\t\t<div class=\"elementor-widget-container\">\n\t\t\t<h2 class=\"elementor-heading-title elementor-size-default\">Bem-vindo ao nosso blog<\/h2>\t\t<\/div>\n\t\t\t\t<\/div>\n\t\t\t\t\t\t<\/div>\n\t\t\t\t\t<\/div>\n\t\t<\/div>\n\t\t\t\t\t\t\t\t<\/div>\n\t\t\t\t\t<\/div>\n\t\t<\/section>\n\t\t\t\t<section class=\"elementor-section elementor-top-section elementor-element elementor-element-d411311 elementor-section-boxed elementor-section-height-default elementor-section-height-default\" data-id=\"d411311\" data-element_type=\"section\">\n\t\t\t\t\t\t<div class=\"elementor-container elementor-column-gap-default\">\n\t\t\t\t\t\t\t<div class=\"elementor-row\">\n\t\t\t\t\t<div class=\"elementor-column elementor-col-100 elementor-top-column elementor-element elementor-element-ea94f1d\" data-id=\"ea94f1d\" data-element_type=\"column\">\n\t\t\t<div class=\"elementor-column-wrap elementor-element-populated\">\n\t\t\t\t\t\t\t<div class=\"elementor-widget-wrap\">\n\t\t\t\t\t\t<div class=\"elementor-element elementor-element-d9dd24e elementor-grid-3 elementor-grid-tablet-2 elementor-grid-mobile-1 elementor-posts--thumbnail-top elementor-widget elementor-widget-posts\" data-id=\"d9dd24e\" data-element_type=\"widget\" data-settings=\"{&quot;classic_columns&quot;:&quot;3&quot;,&quot;classic_columns_tablet&quot;:&quot;2&quot;,&quot;classic_columns_mobile&quot;:&quot;1&quot;,&quot;classic_row_gap&quot;:{&quot;unit&quot;:&quot;px&quot;,&quot;size&quot;:35,&quot;sizes&quot;:[]}}\" data-widget_type=\"posts.classic\">\n\t\t\t\t<div class=\"elementor-widget-container\">\n\t\t\t\t\t<div class=\"elementor-posts-container elementor-posts elementor-posts--skin-classic elementor-grid\">\n\t\t\t\t<article class=\"elementor-post elementor-grid-item post-96 post type-post status-publish format-standard has-post-thumbnail hentry category-sem-categoria\">\n\t\t\t\t<a class=\"elementor-post__thumbnail__link\" href=\"https:\/\/programapaes.com.br\/blog\/2023\/04\/13\/voce-sabe-o-que-e-tod\/\" >\n\t\t\t<div class=\"elementor-post__thumbnail\"><img width=\"767\" height=\"712\" src=\"https:\/\/programapaes.com.br\/blog\/wp-content\/uploads\/2023\/04\/TOD.png\" class=\"attachment-full size-full\" alt=\"\" loading=\"lazy\" srcset=\"https:\/\/programapaes.com.br\/blog\/wp-content\/uploads\/2023\/04\/TOD.png 767w, https:\/\/programapaes.com.br\/blog\/wp-content\/uploads\/2023\/04\/TOD-300x278.png 300w\" sizes=\"(max-width: 767px) 100vw, 767px\" \/><\/div>\n\t\t<\/a>\n\t\t\t\t<div class=\"elementor-post__text\">\n\t\t\t\t<h3 class=\"elementor-post__title\">\n\t\t\t<a href=\"https:\/\/programapaes.com.br\/blog\/2023\/04\/13\/voce-sabe-o-que-e-tod\/\" >\n\t\t\t\tVoc\u00ea sabe o que \u00e9 TOD?\t\t\t<\/a>\n\t\t<\/h3>\n\t\t\t\t<div class=\"elementor-post__meta-data\">\n\t\t\t\t\t<span class=\"elementor-post-date\">\n\t\t\t13 de abril de 2023\t\t<\/span>\n\t\t\t\t<\/div>\n\t\t\t\t<div class=\"elementor-post__excerpt\">\n\t\t\t<p>O Transtorno Opositivo Desafiador \u00e9 um transtorno de comportamento disruptivo, que se manifesta na inf\u00e2ncia ou na adolesc\u00eancia. A oposi\u00e7\u00e3o<\/p>\n\t\t<\/div>\n\t\t\t\t\t<a class=\"elementor-post__read-more\" href=\"https:\/\/programapaes.com.br\/blog\/2023\/04\/13\/voce-sabe-o-que-e-tod\/\" >\n\t\t\t\tLer Mais \u00bb\t\t\t<\/a>\n\t\t\t\t<\/div>\n\t\t\t\t<\/article>\n\t\t\t\t<article class=\"elementor-post elementor-grid-item post-89 post type-post status-publish format-standard hentry category-sem-categoria\">\n\t\t\t\t<div class=\"elementor-post__text\">\n\t\t\t\t<h3 class=\"elementor-post__title\">\n\t\t\t<a href=\"https:\/\/programapaes.com.br\/blog\/2021\/10\/27\/conheca-o-programa-aluno-e-escola-seguros\/\" >\n\t\t\t\tConhe\u00e7a o Programa Aluno e Escola Seguros\t\t\t<\/a>\n\t\t<\/h3>\n\t\t\t\t<div class=\"elementor-post__meta-data\">\n\t\t\t\t\t<span class=\"elementor-post-date\">\n\t\t\t27 de outubro de 2021\t\t<\/span>\n\t\t\t\t<\/div>\n\t\t\t\t<div class=\"elementor-post__excerpt\">\n\t\t\t<p>O Programa Aluno e Escola Seguros \u00e9 um sistema que certifica as escolas que cumprirem as obriga\u00e7\u00f5es legais de n\u00e3o<\/p>\n\t\t<\/div>\n\t\t\t\t\t<a class=\"elementor-post__read-more\" href=\"https:\/\/programapaes.com.br\/blog\/2021\/10\/27\/conheca-o-programa-aluno-e-escola-seguros\/\" >\n\t\t\t\tLer Mais \u00bb\t\t\t<\/a>\n\t\t\t\t<\/div>\n\t\t\t\t<\/article>\n\t\t\t\t<article class=\"elementor-post elementor-grid-item post-87 post type-post status-publish format-standard hentry category-sem-categoria\">\n\t\t\t\t<div class=\"elementor-post__text\">\n\t\t\t\t<h3 class=\"elementor-post__title\">\n\t\t\t<a href=\"https:\/\/programapaes.com.br\/blog\/2021\/09\/10\/venha-conferir-conteudo-para-os-futuros-papais\/\" >\n\t\t\t\tVenha conferir conte\u00fado para os futuros papais\t\t\t<\/a>\n\t\t<\/h3>\n\t\t\t\t<div class=\"elementor-post__meta-data\">\n\t\t\t\t\t<span class=\"elementor-post-date\">\n\t\t\t10 de setembro de 2021\t\t<\/span>\n\t\t\t\t<\/div>\n\t\t\t\t<div class=\"elementor-post__excerpt\">\n\t\t\t<p>\u00c9 muito comum escutarmos sobre a mala materna para a mam\u00e3e e para o beb\u00ea, todos os itens necess\u00e1rios para<\/p>\n\t\t<\/div>\n\t\t\t\t\t<a class=\"elementor-post__read-more\" href=\"https:\/\/programapaes.com.br\/blog\/2021\/09\/10\/venha-conferir-conteudo-para-os-futuros-papais\/\" >\n\t\t\t\tLer Mais \u00bb\t\t\t<\/a>\n\t\t\t\t<\/div>\n\t\t\t\t<\/article>\n\t\t\t\t<article class=\"elementor-post elementor-grid-item post-84 post type-post status-publish format-standard hentry category-sem-categoria\">\n\t\t\t\t<div class=\"elementor-post__text\">\n\t\t\t\t<h3 class=\"elementor-post__title\">\n\t\t\t<a href=\"https:\/\/programapaes.com.br\/blog\/2021\/08\/23\/politica-de-privacidade\/\" >\n\t\t\t\tPol\u00edtica de Privacidade\t\t\t<\/a>\n\t\t<\/h3>\n\t\t\t\t<div class=\"elementor-post__meta-data\">\n\t\t\t\t\t<span class=\"elementor-post-date\">\n\t\t\t23 de agosto de 2021\t\t<\/span>\n\t\t\t\t<\/div>\n\t\t\t\t<div class=\"elementor-post__excerpt\">\n\t\t\t<p>A sua privacidade \u00e9 importante para n\u00f3s. \u00c9 pol\u00edtica do P.A.E.S. respeitar a sua privacidade em rela\u00e7\u00e3o a qualquer informa\u00e7\u00e3o<\/p>\n\t\t<\/div>\n\t\t\t\t\t<a class=\"elementor-post__read-more\" href=\"https:\/\/programapaes.com.br\/blog\/2021\/08\/23\/politica-de-privacidade\/\" >\n\t\t\t\tLer Mais \u00bb\t\t\t<\/a>\n\t\t\t\t<\/div>\n\t\t\t\t<\/article>\n\t\t\t\t<article class=\"elementor-post elementor-grid-item post-81 post type-post status-publish format-standard hentry category-sem-categoria\">\n\t\t\t\t<div class=\"elementor-post__text\">\n\t\t\t\t<h3 class=\"elementor-post__title\">\n\t\t\t<a href=\"https:\/\/programapaes.com.br\/blog\/2021\/08\/23\/saude-mental-infantil\/\" >\n\t\t\t\tSa\u00fade Mental infantil\t\t\t<\/a>\n\t\t<\/h3>\n\t\t\t\t<div class=\"elementor-post__meta-data\">\n\t\t\t\t\t<span class=\"elementor-post-date\">\n\t\t\t23 de agosto de 2021\t\t<\/span>\n\t\t\t\t<\/div>\n\t\t\t\t<div class=\"elementor-post__excerpt\">\n\t\t\t<p>Por mais que nosso pequenos sejam alegres e divertidos, tamb\u00e9m est\u00e3o propensos a ficarem ansiosos e estressados, principalmente, nessa fase<\/p>\n\t\t<\/div>\n\t\t\t\t\t<a class=\"elementor-post__read-more\" href=\"https:\/\/programapaes.com.br\/blog\/2021\/08\/23\/saude-mental-infantil\/\" >\n\t\t\t\tLer Mais \u00bb\t\t\t<\/a>\n\t\t\t\t<\/div>\n\t\t\t\t<\/article>\n\t\t\t\t<article class=\"elementor-post elementor-grid-item post-65 post type-post status-publish format-standard has-post-thumbnail hentry category-sem-categoria\">\n\t\t\t\t<a class=\"elementor-post__thumbnail__link\" href=\"https:\/\/programapaes.com.br\/blog\/2020\/12\/21\/como-evitar-a-agressividade-na-escola\/\" >\n\t\t\t<div class=\"elementor-post__thumbnail\"><img width=\"1300\" height=\"1080\" src=\"https:\/\/programapaes.com.br\/blog\/wp-content\/uploads\/2020\/12\/20389-SEMANAL-04_BLOG_1.jpg\" class=\"attachment-full size-full\" alt=\"\" loading=\"lazy\" srcset=\"https:\/\/programapaes.com.br\/blog\/wp-content\/uploads\/2020\/12\/20389-SEMANAL-04_BLOG_1.jpg 1300w, https:\/\/programapaes.com.br\/blog\/wp-content\/uploads\/2020\/12\/20389-SEMANAL-04_BLOG_1-300x249.jpg 300w, https:\/\/programapaes.com.br\/blog\/wp-content\/uploads\/2020\/12\/20389-SEMANAL-04_BLOG_1-1024x851.jpg 1024w, https:\/\/programapaes.com.br\/blog\/wp-content\/uploads\/2020\/12\/20389-SEMANAL-04_BLOG_1-768x638.jpg 768w, https:\/\/programapaes.com.br\/blog\/wp-content\/uploads\/2020\/12\/20389-SEMANAL-04_BLOG_1-1200x997.jpg 1200w\" sizes=\"(max-width: 1300px) 100vw, 1300px\" \/><\/div>\n\t\t<\/a>\n\t\t\t\t<div class=\"elementor-post__text\">\n\t\t\t\t<h3 class=\"elementor-post__title\">\n\t\t\t<a href=\"https:\/\/programapaes.com.br\/blog\/2020\/12\/21\/como-evitar-a-agressividade-na-escola\/\" >\n\t\t\t\tComo evitar a agressividade na escola\t\t\t<\/a>\n\t\t<\/h3>\n\t\t\t\t<div class=\"elementor-post__meta-data\">\n\t\t\t\t\t<span class=\"elementor-post-date\">\n\t\t\t21 de dezembro de 2020\t\t<\/span>\n\t\t\t\t<\/div>\n\t\t\t\t<div class=\"elementor-post__excerpt\">\n\t\t\t<p>Infelizmente \u00e9 comum que de vez em quando ocorram agress\u00f5es entre as crian\u00e7as. Diariamente vemos not\u00edcias a respeito de casos<\/p>\n\t\t<\/div>\n\t\t\t\t\t<a class=\"elementor-post__read-more\" href=\"https:\/\/programapaes.com.br\/blog\/2020\/12\/21\/como-evitar-a-agressividade-na-escola\/\" >\n\t\t\t\tLer Mais \u00bb\t\t\t<\/a>\n\t\t\t\t<\/div>\n\t\t\t\t<\/article>\n\t\t\t\t<article class=\"elementor-post elementor-grid-item post-20 post type-post status-publish format-standard has-post-thumbnail hentry category-sem-categoria\">\n\t\t\t\t<a class=\"elementor-post__thumbnail__link\" href=\"https:\/\/programapaes.com.br\/blog\/2020\/11\/19\/post-1\/\" >\n\t\t\t<div class=\"elementor-post__thumbnail\"><img width=\"1280\" height=\"1080\" src=\"https:\/\/programapaes.com.br\/blog\/wp-content\/uploads\/2020\/11\/BLOG-1.jpg\" class=\"attachment-full size-full\" alt=\"\" loading=\"lazy\" srcset=\"https:\/\/programapaes.com.br\/blog\/wp-content\/uploads\/2020\/11\/BLOG-1.jpg 1280w, https:\/\/programapaes.com.br\/blog\/wp-content\/uploads\/2020\/11\/BLOG-1-300x253.jpg 300w, https:\/\/programapaes.com.br\/blog\/wp-content\/uploads\/2020\/11\/BLOG-1-1024x864.jpg 1024w, https:\/\/programapaes.com.br\/blog\/wp-content\/uploads\/2020\/11\/BLOG-1-768x648.jpg 768w, https:\/\/programapaes.com.br\/blog\/wp-content\/uploads\/2020\/11\/BLOG-1-1200x1013.jpg 1200w\" sizes=\"(max-width: 1280px) 100vw, 1280px\" \/><\/div>\n\t\t<\/a>\n\t\t\t\t<div class=\"elementor-post__text\">\n\t\t\t\t<h3 class=\"elementor-post__title\">\n\t\t\t<a href=\"https:\/\/programapaes.com.br\/blog\/2020\/11\/19\/post-1\/\" >\n\t\t\t\tParticipe do nosso sorteio e concorra a 3 dias no Resort Hotel Green Village\t\t\t<\/a>\n\t\t<\/h3>\n\t\t\t\t<div class=\"elementor-post__meta-data\">\n\t\t\t\t\t<span class=\"elementor-post-date\">\n\t\t\t19 de novembro de 2020\t\t<\/span>\n\t\t\t\t<\/div>\n\t\t\t\t<div class=\"elementor-post__excerpt\">\n\t\t\t<p>J\u00e1 imaginou ajudar a garantir a seguran\u00e7a do seu filho (a) e ainda ser recompensado (a) por isso? O Programa<\/p>\n\t\t<\/div>\n\t\t\t\t\t<a class=\"elementor-post__read-more\" href=\"https:\/\/programapaes.com.br\/blog\/2020\/11\/19\/post-1\/\" >\n\t\t\t\tLer Mais \u00bb\t\t\t<\/a>\n\t\t\t\t<\/div>\n\t\t\t\t<\/article>\n\t\t\t\t<\/div>\n\t\t\t\t<\/div>\n\t\t\t\t<\/div>\n\t\t\t\t\t\t<\/div>\n\t\t\t\t\t<\/div>\n\t\t<\/div>\n\t\t\t\t\t\t\t\t<\/div>\n\t\t\t\t\t<\/div>\n\t\t<\/section>\n\t\t\t\t<section class=\"elementor-section elementor-top-section elementor-element elementor-element-0c924c2 elementor-section-boxed elementor-section-height-default elementor-section-height-default\" data-id=\"0c924c2\" data-element_type=\"section\" data-settings=\"{&quot;background_background&quot;:&quot;classic&quot;}\">\n\t\t\t\t\t\t<div class=\"elementor-container elementor-column-gap-default\">\n\t\t\t\t\t\t\t<div class=\"elementor-row\">\n\t\t\t\t\t<div class=\"elementor-column elementor-col-100 elementor-top-column elementor-element elementor-element-06158eb\" data-id=\"06158eb\" data-element_type=\"column\">\n\t\t\t<div class=\"elementor-column-wrap elementor-element-populated\">\n\t\t\t\t\t\t\t<div class=\"elementor-widget-wrap\">\n\t\t\t\t\t\t<div class=\"elementor-element elementor-element-1b83b9a elementor-widget elementor-widget-text-editor\" data-id=\"1b83b9a\" data-element_type=\"widget\" data-widget_type=\"text-editor.default\">\n\t\t\t\t<div class=\"elementor-widget-container\">\n\t\t\t\t\t<div class=\"elementor-text-editor elementor-clearfix\"><p>\u00a9 2020 P.A.E.S | Programa Aluno e Escola Seguros.<\/p><\/div>\n\t\t\t\t<\/div>\n\t\t\t\t<\/div>\n\t\t\t\t\t\t<\/div>\n\t\t\t\t\t<\/div>\n\t\t<\/div>\n\t\t\t\t\t\t\t\t<\/div>\n\t\t\t\t\t<\/div>\n\t\t<\/section>\n\t\t\t\t\t\t<\/div>\n\t\t\t\t\t\t<\/div>\n\t\t\t\t\t<\/div>\n\t\t","protected":false},"excerpt":{"rendered":"<p>voltar ao in\u00edcio Bem-vindo ao nosso blog \u00a9 2020 P.A.E.S | Programa Aluno e Escola Seguros.<\/p>\n","protected":false},"author":1,"featured_media":0,"parent":0,"menu_order":0,"comment_status":"closed","ping_status":"closed","template":"elementor_canvas","meta":[],"_links":{"self":[{"href":"https:\/\/programapaes.com.br\/blog\/wp-json\/wp\/v2\/pages\/10"}],"collection":[{"href":"https:\/\/programapaes.com.br\/blog\/wp-json\/wp\/v2\/pages"}],"about":[{"href":"https:\/\/programapaes.com.br\/blog\/wp-json\/wp\/v2\/types\/page"}],"author":[{"embeddable":true,"href":"https:\/\/programapaes.com.br\/blog\/wp-json\/wp\/v2\/users\/1"}],"replies":[{"embeddable":true,"href":"https:\/\/programapaes.com.br\/blog\/wp-json\/wp\/v2\/comments?post=10"}],"version-history":[{"count":25,"href":"https:\/\/programapaes.com.br\/blog\/wp-json\/wp\/v2\/pages\/10\/revisions"}],"predecessor-version":[{"id":61,"href":"https:\/\/programapaes.com.br\/blog\/wp-json\/wp\/v2\/pages\/10\/revisions\/61"}],"wp:attachment":[{"href":"https:\/\/programapaes.com.br\/blog\/wp-json\/wp\/v2\/media?parent=10"}],"curies":[{"name":"wp","href":"https:\/\/api.w.org\/{rel}","templated":true}]}}